{"id":14,"date":"2021-11-21T15:14:19","date_gmt":"2021-11-21T15:14:19","guid":{"rendered":"https:\/\/dodo.10tage.ch\/?page_id=14"},"modified":"2024-05-09T14:15:35","modified_gmt":"2024-05-09T14:15:35","slug":"uber-mich","status":"publish","type":"page","link":"https:\/\/dodo.10tage.ch\/?page_id=14","title":{"rendered":"\u00dcber mich"},"content":{"rendered":"\t\t<div data-elementor-type=\"wp-page\" data-elementor-id=\"14\" class=\"elementor elementor-14\">\n\t\t\t\t\t\t<section class=\"elementor-section elementor-top-section elementor-element elementor-element-c8ddeb6 elementor-section-height-min-height elementor-section-boxed elementor-section-height-default elementor-section-items-middle\" data-id=\"c8ddeb6\" data-element_type=\"section\" data-settings=\"{&quot;background_background&quot;:&quot;classic&quot;}\">\n\t\t\t\t\t\t\t<div class=\"elementor-background-overlay\"><\/div>\n\t\t\t\t\t\t\t<div class=\"elementor-container elementor-column-gap-default\">\n\t\t\t\t\t\t<\/div>\n\t\t<\/section>\n\t\t\t\t<section class=\"elementor-section elementor-top-section elementor-element elementor-element-29637b43 elementor-section-content-middle elementor-section-full_width elementor-section-height-default elementor-section-height-default\" data-id=\"29637b43\" data-element_type=\"section\" data-settings=\"{&quot;background_background&quot;:&quot;classic&quot;}\">\n\t\t\t\t\t\t\t<div class=\"elementor-background-overlay\"><\/div>\n\t\t\t\t\t\t\t<div class=\"elementor-container elementor-column-gap-no\">\n\t\t\t\t\t<div class=\"elementor-column elementor-col-50 elementor-top-column elementor-element elementor-element-5dc4f6ce\" data-id=\"5dc4f6ce\" data-element_type=\"column\">\n\t\t\t<div class=\"elementor-widget-wrap elementor-element-populated\">\n\t\t\t\t\t\t<div class=\"elementor-element elementor-element-556d5b8d elementor-widget elementor-widget-image\" data-id=\"556d5b8d\" data-element_type=\"widget\" data-widget_type=\"image.default\">\n\t\t\t\t<div class=\"elementor-widget-container\">\n\t\t\t\t\t\t\t\t\t\t\t\t\t\t\t<img fetchpriority=\"high\" decoding=\"async\" width=\"2600\" height=\"1463\" src=\"https:\/\/dodo.10tage.ch\/wp-content\/uploads\/2022\/10\/rausgehen.00_00_31_20.Still002-e1666868093927.png\" class=\"attachment-full size-full wp-image-1496\" alt=\"\" srcset=\"https:\/\/dodo.10tage.ch\/wp-content\/uploads\/2022\/10\/rausgehen.00_00_31_20.Still002-e1666868093927.png 2600w, https:\/\/dodo.10tage.ch\/wp-content\/uploads\/2022\/10\/rausgehen.00_00_31_20.Still002-e1666868093927-300x169.png 300w, https:\/\/dodo.10tage.ch\/wp-content\/uploads\/2022\/10\/rausgehen.00_00_31_20.Still002-e1666868093927-1024x576.png 1024w, https:\/\/dodo.10tage.ch\/wp-content\/uploads\/2022\/10\/rausgehen.00_00_31_20.Still002-e1666868093927-768x432.png 768w, https:\/\/dodo.10tage.ch\/wp-content\/uploads\/2022\/10\/rausgehen.00_00_31_20.Still002-e1666868093927-1536x864.png 1536w, https:\/\/dodo.10tage.ch\/wp-content\/uploads\/2022\/10\/rausgehen.00_00_31_20.Still002-e1666868093927-2048x1152.png 2048w\" sizes=\"(max-width: 2600px) 100vw, 2600px\" \/>\t\t\t\t\t\t\t\t\t\t\t\t\t\t\t<\/div>\n\t\t\t\t<\/div>\n\t\t\t\t\t<\/div>\n\t\t<\/div>\n\t\t\t\t<div class=\"elementor-column elementor-col-50 elementor-top-column elementor-element elementor-element-14b799ad\" data-id=\"14b799ad\" data-element_type=\"column\">\n\t\t\t<div class=\"elementor-widget-wrap elementor-element-populated\">\n\t\t\t\t\t\t<div class=\"elementor-element elementor-element-56553416 elementor-widget elementor-widget-heading\" data-id=\"56553416\" data-element_type=\"widget\" data-widget_type=\"heading.default\">\n\t\t\t\t<div class=\"elementor-widget-container\">\n\t\t\t\t\t<h4 class=\"elementor-heading-title elementor-size-default\">\u00fcber mich <\/h4>\t\t\t\t<\/div>\n\t\t\t\t<\/div>\n\t\t\t\t<div class=\"elementor-element elementor-element-700dc805 elementor-widget elementor-widget-text-editor\" data-id=\"700dc805\" data-element_type=\"widget\" data-widget_type=\"text-editor.default\">\n\t\t\t\t<div class=\"elementor-widget-container\">\n\t\t\t\t\t\t\t\t\t<p><strong>Hi!<\/strong><\/p>\n<p><strong>Ich bin Ward. Ich habe Multimedia Production mit Schwerpunkt Branded Motion studiert.&nbsp;<\/strong><\/p>\n<p><strong>Durch meine Schauspielkarriere in Syrien habe ich mein k\u00fcnstlerisches Auge auch vor der Kamera trainiert und mich in der Schweiz f\u00fcr dieses Studium entschieden. Die Vielf\u00e4ltigkeit der verschiedenen Schritte in der Filmproduktion fasziniert mich.<\/strong><\/p>\t\t\t\t\t\t\t\t<\/div>\n\t\t\t\t<\/div>\n\t\t\t\t\t<\/div>\n\t\t<\/div>\n\t\t\t\t\t<\/div>\n\t\t<\/section>\n\t\t\t\t<\/div>\n\t\t","protected":false},"excerpt":{"rendered":"<p>\u00fcber mich Hi! Ich bin Ward. Ich habe Multimedia Production mit Schwerpunkt Branded Motion studiert.&nbsp; Durch meine Schauspielkarriere in Syrien habe ich mein k\u00fcnstlerisches Auge auch vor der Kamera trainiert und mich in der Schweiz f\u00fcr dieses Studium entschieden. Die Vielf\u00e4ltigkeit der verschiedenen Schritte in der Filmproduktion fasziniert mich.<\/p>\n","protected":false},"author":1,"featured_media":0,"parent":0,"menu_order":0,"comment_status":"closed","ping_status":"closed","template":"","meta":{"site-sidebar-layout":"no-sidebar","site-content-layout":"page-builder","ast-global-header-display":"","ast-main-header-display":"","ast-hfb-above-header-display":"","ast-hfb-below-header-display":"","ast-hfb-mobile-header-display":"","site-post-title":"disabled","ast-breadcrumbs-content":"","ast-featured-img":"disabled","footer-sml-layout":"","theme-transparent-header-meta":"enabled","adv-header-id-meta":"","stick-header-meta":"","header-above-stick-meta":"","header-main-stick-meta":"","header-below-stick-meta":"","footnotes":""},"_links":{"self":[{"href":"https:\/\/dodo.10tage.ch\/index.php?rest_route=\/wp\/v2\/pages\/14"}],"collection":[{"href":"https:\/\/dodo.10tage.ch\/index.php?rest_route=\/wp\/v2\/pages"}],"about":[{"href":"https:\/\/dodo.10tage.ch\/index.php?rest_route=\/wp\/v2\/types\/page"}],"author":[{"embeddable":true,"href":"https:\/\/dodo.10tage.ch\/index.php?rest_route=\/wp\/v2\/users\/1"}],"replies":[{"embeddable":true,"href":"https:\/\/dodo.10tage.ch\/index.php?rest_route=%2Fwp%2Fv2%2Fcomments&post=14"}],"version-history":[{"count":68,"href":"https:\/\/dodo.10tage.ch\/index.php?rest_route=\/wp\/v2\/pages\/14\/revisions"}],"predecessor-version":[{"id":2024,"href":"https:\/\/dodo.10tage.ch\/index.php?rest_route=\/wp\/v2\/pages\/14\/revisions\/2024"}],"wp:attachment":[{"href":"https:\/\/dodo.10tage.ch\/index.php?rest_route=%2Fwp%2Fv2%2Fmedia&parent=14"}],"curies":[{"name":"wp","href":"https:\/\/api.w.org\/{rel}","templated":true}]}}